{"id":519,"date":"2026-03-27T08:37:42","date_gmt":"2026-03-27T08:37:42","guid":{"rendered":"https:\/\/rsolutions.pl\/?page_id=519"},"modified":"2026-03-27T09:49:33","modified_gmt":"2026-03-27T09:49:33","slug":"technologia-produkcji","status":"publish","type":"page","link":"https:\/\/rsolutions.pl\/index.php\/technologia-produkcji\/","title":{"rendered":"Technologia produkcji"},"content":{"rendered":"\n<div style=\"height:100px\" aria-hidden=\"true\" class=\"wp-block-spacer\"><\/div>\n\n\n\n<div class=\"wp-block-columns is-layout-flex wp-container-core-columns-is-layout-28f84493 wp-block-columns-is-layout-flex\">\n<div class=\"wp-block-column feature-box is-layout-flow wp-block-column-is-layout-flow\">\n<figure class=\"wp-block-image aligncenter size-large\"><img loading=\"lazy\" decoding=\"async\" width=\"1024\" height=\"227\" src=\"https:\/\/rsolutions.pl\/wp-content\/uploads\/2026\/03\/rs_transp-1-1024x227.png\" alt=\"\" class=\"wp-image-408\" srcset=\"https:\/\/rsolutions.pl\/wp-content\/uploads\/2026\/03\/rs_transp-1-1024x227.png 1024w, https:\/\/rsolutions.pl\/wp-content\/uploads\/2026\/03\/rs_transp-1-300x67.png 300w, https:\/\/rsolutions.pl\/wp-content\/uploads\/2026\/03\/rs_transp-1-768x170.png 768w, https:\/\/rsolutions.pl\/wp-content\/uploads\/2026\/03\/rs_transp-1.png 1141w\" sizes=\"auto, (max-width: 1024px) 100vw, 1024px\" \/><\/figure>\n<\/div>\n<\/div>\n\n\n\n<div class=\"wp-block-columns is-layout-flex wp-container-core-columns-is-layout-28f84493 wp-block-columns-is-layout-flex\">\n<div class=\"wp-block-column is-layout-flow wp-block-column-is-layout-flow\">\n<p><strong><span style=\"color:#00C2FF;\"><strong><strong><strong>Wspieramy firmy w przygotowaniu rozwi\u0105za\u0144 technicznych z uwzgl\u0119dnieniem wymaga\u0144 procesu produkcyjnego, monta\u017cu oraz p\u00f3\u017aniejszego wdro\u017cenia.<\/strong> \u0141\u0105czymy podej\u015bcie projektowe z praktycznym spojrzeniem na wykonanie, organizacj\u0119 procesu i warunki eksploatacji.<\/strong><\/strong><\/span><\/strong><\/p>\n\n\n\n<p>Technologia produkcji ma kluczowe znaczenie dla powodzenia projektu. Nawet poprawne konstrukcyjnie rozwi\u0105zanie wymaga odpowiedniego przygotowania pod k\u0105tem wykonania, organizacji procesu, mo\u017cliwo\u015bci technologicznych oraz wymaga\u0144 jako\u015bciowych. Dlatego ju\u017c na etapie opracowania za\u0142o\u017ce\u0144 i projektu uwzgl\u0119dniamy realia produkcyjne oraz docelowy spos\u00f3b zastosowania rozwi\u0105zania.<\/p>\n\n\n\n<p>Wspieramy klient\u00f3w w dopracowaniu rozwi\u0105za\u0144 tak, aby by\u0142y nie tylko poprawne technicznie, ale r\u00f3wnie\u017c racjonalne z punktu widzenia wykonania, monta\u017cu, ergonomii pracy i wdro\u017cenia w \u015brodowisku przemys\u0142owym.<\/p>\n\n\n\n<hr class=\"wp-block-separator has-alpha-channel-opacity\"\/>\n\n\n\n<div class=\"wp-block-columns is-layout-flex wp-container-core-columns-is-layout-28f84493 wp-block-columns-is-layout-flex\">\n<div class=\"wp-block-column is-layout-flow wp-block-column-is-layout-flow\" style=\"flex-basis:60px\">\n<figure class=\"wp-block-image aligncenter size-full\"><img decoding=\"async\" src=\"https:\/\/rsolutions.pl\/wp-content\/uploads\/2026\/03\/jak_pracujemy.svg\" alt=\"\" class=\"wp-image-486\"\/><\/figure>\n<\/div>\n\n\n\n<div class=\"wp-block-column is-layout-flow wp-block-column-is-layout-flow\">\n<h2 class=\"wp-block-heading alignfull has-text-align-left\"><span style=\"color:#00C2FF;\">Jak pracujemy<\/span> <\/h2>\n<\/div>\n<\/div>\n\n\n\n<p class=\"has-text-align-left\">Ka\u017cde zadanie analizujemy z perspektywy funkcji rozwi\u0105zania, warunk\u00f3w pracy, mo\u017cliwo\u015bci wykonania oraz wymaga\u0144 monta\u017cowych i eksploatacyjnych. Uwzgl\u0119dniamy r\u00f3wnie\u017c organizacj\u0119 procesu, ergonomi\u0119 stanowisk, przep\u0142yw pracy oraz zale\u017cno\u015bci pomi\u0119dzy poszczeg\u00f3lnymi etapami produkcji.<\/p>\n\n\n\n<p class=\"has-text-align-left\">Dzi\u0119ki temu wspieramy klient\u00f3w w przygotowaniu rozwi\u0105za\u0144, kt\u00f3re s\u0105 sp\u00f3jne nie tylko projektowo, ale r\u00f3wnie\u017c technologicznie i organizacyjnie. Naszym celem jest tworzenie rozwi\u0105za\u0144, kt\u00f3re mo\u017cna skutecznie wykona\u0107, wdro\u017cy\u0107 i wykorzysta\u0107 w praktyce przemys\u0142owej.<\/p>\n\n\n\n<div class=\"wp-block-columns is-layout-flex wp-container-core-columns-is-layout-28f84493 wp-block-columns-is-layout-flex\">\n<div class=\"wp-block-column is-layout-flow wp-block-column-is-layout-flow\" style=\"flex-basis:60px\">\n<figure class=\"wp-block-image aligncenter size-full\"><img decoding=\"async\" src=\"https:\/\/rsolutions.pl\/wp-content\/uploads\/2026\/03\/dla_kogo.svg\" alt=\"\" class=\"wp-image-485\"\/><\/figure>\n<\/div>\n\n\n\n<div class=\"wp-block-column is-layout-flow wp-block-column-is-layout-flow\">\n<h2 class=\"wp-block-heading alignfull has-text-align-left\"><span style=\"color:#00C2FF;\">Dla kogo jest ta us\u0142uga<\/span><\/h2>\n<\/div>\n<\/div>\n\n\n\n<p class=\"has-text-align-left\">Us\u0142uga jest skierowana do firm, kt\u00f3re:<\/p>\n\n\n\n<ul class=\"wp-block-list\">\n<li>przygotowuj\u0105 nowe rozwi\u0105zania do wykonania i wdro\u017cenia,<\/li>\n\n\n\n<li>chc\u0105 lepiej powi\u0105za\u0107 projekt z realiami produkcji,<\/li>\n\n\n\n<li>potrzebuj\u0105 wsparcia przy dopracowaniu procesu technologicznego,<\/li>\n\n\n\n<li>planuj\u0105 reorganizacj\u0119 hali, relokacj\u0119 maszyn lub zmian\u0119 uk\u0142adu stanowisk,<\/li>\n\n\n\n<li>szukaj\u0105 partnera technicznego \u0142\u0105cz\u0105cego projektowanie z praktycznym podej\u015bciem do produkcji i wdro\u017cenia.<\/li>\n<\/ul>\n\n\n\n<div style=\"height:176px\" aria-hidden=\"true\" class=\"wp-block-spacer\"><\/div>\n\n\n\n<hr class=\"wp-block-separator has-alpha-channel-opacity is-style-wide\"\/>\n\n\n\n<p class=\"has-text-align-center\">Potrzebujesz wsparcia w przygotowaniu rozwi\u0105zania pod wykonanie, monta\u017c i wdro\u017cenie?<br>Skontaktuj si\u0119 z nami i opowiedz o swoim projekcie<\/p>\n\n\n\n<div class=\"wp-block-buttons alignwide is-content-justification-center is-layout-flex wp-container-core-buttons-is-layout-a89b3969 wp-block-buttons-is-layout-flex\">\n<div class=\"wp-block-button\"><a class=\"wp-block-button__link has-text-align-center wp-element-button\" href=\"mailto:biuro@rsolutions.pl\">Napisz do nas<\/a><\/div>\n<\/div>\n\n\n\n<hr class=\"wp-block-separator has-alpha-channel-opacity is-style-wide\"\/>\n<\/div>\n\n\n\n<div class=\"wp-block-column is-layout-flow wp-block-column-is-layout-flow\">\n<div class=\"wp-block-columns is-layout-flex wp-container-core-columns-is-layout-28f84493 wp-block-columns-is-layout-flex\">\n<div class=\"wp-block-column feature-box is-layout-flow wp-block-column-is-layout-flow\">\n<figure class=\"wp-block-image aligncenter size-full is-resized\"><img decoding=\"async\" src=\"https:\/\/rsolutions.pl\/wp-content\/uploads\/2026\/03\/01_projektowanie_z_uwzglednieniem_technologii_wykonania.svg\" alt=\"\" class=\"wp-image-530\" style=\"object-fit:cover;width:50px;height:50px\"\/><\/figure>\n\n\n\n<hr class=\"wp-block-separator has-alpha-channel-opacity\"\/>\n\n\n\n<h5 class=\"wp-block-heading has-text-align-center\"><span style=\"color:#00C2FF;\">Projektowanie z uwzgl\u0119dnieniem technologii wykonania<\/span><\/h5>\n\n\n\n<p class=\"has-text-align-center\">Opracowujemy rozwi\u0105zania konstrukcyjne z uwzgl\u0119dnieniem procesu wytwarzania, doboru materia\u0142\u00f3w, mo\u017cliwo\u015bci wykonawczych oraz wymaga\u0144 eksploatacyjnych.<br><\/p>\n<\/div>\n\n\n\n<div class=\"wp-block-column feature-box is-layout-flow wp-block-column-is-layout-flow\">\n<figure class=\"wp-block-image aligncenter size-full is-resized\"><img decoding=\"async\" src=\"https:\/\/rsolutions.pl\/wp-content\/uploads\/2026\/03\/02_przygotowanie_rozwiazan_pod_produkcje.svg\" alt=\"\" class=\"wp-image-531\" style=\"object-fit:cover;width:50px;height:50px\"\/><\/figure>\n\n\n\n<hr class=\"wp-block-separator has-alpha-channel-opacity\"\/>\n\n\n\n<h5 class=\"wp-block-heading has-text-align-center\"><span style=\"color:#00C2FF;\">Przygotowanie rozwi\u0105za\u0144 pod produkcj\u0119<\/span><\/h5>\n\n\n\n<p class=\"has-text-align-center\">Wspieramy dostosowanie konstrukcji do realnych warunk\u00f3w wykonania, monta\u017cu i dalszego wykorzystania w praktyce przemys\u0142owej.<br><\/p>\n<\/div>\n\n\n\n<div class=\"wp-block-column feature-box is-layout-flow wp-block-column-is-layout-flow\">\n<figure class=\"wp-block-image aligncenter size-full is-resized\"><img decoding=\"async\" src=\"https:\/\/rsolutions.pl\/wp-content\/uploads\/2026\/03\/03_programowanie_maszyn_cnc_i_ustawianie_procesow.svg\" alt=\"\" class=\"wp-image-532\" style=\"object-fit:cover;width:50px;height:50px\"\/><\/figure>\n\n\n\n<hr class=\"wp-block-separator has-alpha-channel-opacity\"\/>\n\n\n\n<h5 class=\"wp-block-heading has-text-align-center\"><span style=\"color:#00C2FF;\">Programowanie maszyn CNC i ustawianie proces\u00f3w<\/span><\/h5>\n\n\n\n<p class=\"has-text-align-center\">Wspieramy przygotowanie proces\u00f3w obr\u00f3bczych, ustawianie parametr\u00f3w technologicznych oraz organizacj\u0119 pracy maszyn CNC z uwzgl\u0119dnieniem wymaga\u0144 jako\u015bciowych, powtarzalno\u015bci i efektywno\u015bci procesu.<br><\/p>\n<\/div>\n<\/div>\n\n\n\n<div class=\"wp-block-columns is-layout-flex wp-container-core-columns-is-layout-28f84493 wp-block-columns-is-layout-flex\">\n<div class=\"wp-block-column is-layout-flow wp-block-column-is-layout-flow\">\n<div class=\"wp-block-columns is-layout-flex wp-container-core-columns-is-layout-28f84493 wp-block-columns-is-layout-flex\">\n<div class=\"wp-block-column feature-box is-layout-flow wp-block-column-is-layout-flow\">\n<figure class=\"wp-block-image aligncenter size-full is-resized\"><img decoding=\"async\" src=\"https:\/\/rsolutions.pl\/wp-content\/uploads\/2026\/03\/04_optymalizacja_procesu_produkcyjnego.svg\" alt=\"\" class=\"wp-image-533\" style=\"object-fit:cover;width:50px;height:50px\"\/><\/figure>\n\n\n\n<hr class=\"wp-block-separator has-alpha-channel-opacity\"\/>\n\n\n\n<h5 class=\"wp-block-heading has-text-align-center\"><span style=\"color:#00C2FF;\">Optymalizacja procesu produkcyjnego<\/span><\/h5>\n\n\n\n<p class=\"has-text-align-center\">Pomagamy porz\u0105dkowa\u0107 i usprawnia\u0107 przebieg produkcji przez analiz\u0119 kolejnych etap\u00f3w wykonania, identyfikacj\u0119 w\u0105skich garde\u0142 oraz dob\u00f3r rozwi\u0105za\u0144 poprawiaj\u0105cych organizacj\u0119 i p\u0142ynno\u015b\u0107 procesu.<\/p>\n<\/div>\n\n\n\n<div class=\"wp-block-column feature-box is-layout-flow wp-block-column-is-layout-flow\">\n<figure class=\"wp-block-image aligncenter size-full is-resized\"><img decoding=\"async\" src=\"https:\/\/rsolutions.pl\/wp-content\/uploads\/2026\/03\/05_ergonomia_produkcji_i_organizacja_stanowisk.svg\" alt=\"\" class=\"wp-image-534\" style=\"object-fit:cover;width:50px;height:50px\"\/><\/figure>\n\n\n\n<hr class=\"wp-block-separator has-alpha-channel-opacity\"\/>\n\n\n\n<h5 class=\"wp-block-heading has-text-align-center\"><span style=\"color:#00C2FF;\">Ergonomia produkcji i organizacja stanowisk<\/span><\/h5>\n\n\n\n<p class=\"has-text-align-center\">Uwzgl\u0119dniamy ergonomi\u0119 pracy, dost\u0119pno\u015b\u0107 stanowisk, bezpiecze\u0144stwo obs\u0142ugi oraz logiczne rozmieszczenie wyposa\u017cenia w celu poprawy komfortu pracy i sprawno\u015bci procesu.<br><\/p>\n<\/div>\n\n\n\n<div class=\"wp-block-column feature-box is-layout-flow wp-block-column-is-layout-flow\">\n<figure class=\"wp-block-image aligncenter size-full is-resized\"><img decoding=\"async\" src=\"https:\/\/rsolutions.pl\/wp-content\/uploads\/2026\/03\/06_relokacja_maszyn_i_reorganizacja_ukladu_produkcyjnego.svg\" alt=\"\" class=\"wp-image-535\" style=\"object-fit:cover;width:50px;height:50px\"\/><\/figure>\n\n\n\n<hr class=\"wp-block-separator has-alpha-channel-opacity\"\/>\n\n\n\n<h5 class=\"wp-block-heading has-text-align-center\"><span style=\"color:#00C2FF;\">Relokacja maszyn i reorganizacja uk\u0142adu produkcyjnego<\/span><\/h5>\n\n\n\n<p class=\"has-text-align-center\">Wspieramy planowanie zmian w rozmieszczeniu maszyn i stanowisk produkcyjnych, tak aby poprawi\u0107 przep\u0142yw pracy, wykorzystanie przestrzeni oraz organizacj\u0119 procesu.<br><\/p>\n<\/div>\n<\/div>\n<\/div>\n<\/div>\n\n\n\n<div class=\"wp-block-columns is-layout-flex wp-container-core-columns-is-layout-28f84493 wp-block-columns-is-layout-flex\">\n<div class=\"wp-block-column feature-box is-layout-flow wp-block-column-is-layout-flow\">\n<figure class=\"wp-block-image aligncenter size-full is-resized\"><img decoding=\"async\" src=\"https:\/\/rsolutions.pl\/wp-content\/uploads\/2026\/03\/07_opracowanie_toku_produkcyjnego.svg\" alt=\"\" class=\"wp-image-536\" style=\"object-fit:cover;width:50px;height:50px\"\/><\/figure>\n\n\n\n<hr class=\"wp-block-separator has-alpha-channel-opacity\"\/>\n\n\n\n<h5 class=\"wp-block-heading has-text-align-center\"><span style=\"color:#00C2FF;\">Opracowanie toku produkcyjnego<\/span><\/h5>\n\n\n\n<p class=\"has-text-align-center\">Pomagamy w uporz\u0105dkowaniu kolejnych etap\u00f3w realizacji wyrobu, od przygotowania materia\u0142u i obr\u00f3bki po monta\u017c, kontrol\u0119 i przekazanie gotowego elementu lub produktu.<br><\/p>\n<\/div>\n\n\n\n<div class=\"wp-block-column feature-box is-layout-flow wp-block-column-is-layout-flow\">\n<figure class=\"wp-block-image aligncenter size-full is-resized\"><img decoding=\"async\" src=\"https:\/\/rsolutions.pl\/wp-content\/uploads\/2026\/03\/08_koncepcja_ukladu_hali_produkcyjnej.svg\" alt=\"\" class=\"wp-image-537\" style=\"object-fit:cover;width:50px;height:50px\"\/><\/figure>\n\n\n\n<hr class=\"wp-block-separator has-alpha-channel-opacity\"\/>\n\n\n\n<h5 class=\"wp-block-heading has-text-align-center\"><span style=\"color:#00C2FF;\">Koncepcja uk\u0142adu hali produkcyjnej<\/span><\/h5>\n\n\n\n<p class=\"has-text-align-center\">Opracowujemy za\u0142o\u017cenia dotycz\u0105ce rozmieszczenia maszyn, stanowisk roboczych, ci\u0105g\u00f3w komunikacyjnych i stref funkcjonalnych, tak aby proces produkcyjny by\u0142 sp\u00f3jny, czytelny i efektywny organizacyjnie.<br><\/p>\n<\/div>\n\n\n\n<div class=\"wp-block-column feature-box is-layout-flow wp-block-column-is-layout-flow\">\n<figure class=\"wp-block-image aligncenter size-full is-resized\"><img decoding=\"async\" src=\"https:\/\/rsolutions.pl\/wp-content\/uploads\/2026\/03\/09_dokumentacja_techniczna.svg\" alt=\"\" class=\"wp-image-538\" style=\"object-fit:cover;width:50px;height:50px\"\/><\/figure>\n\n\n\n<hr class=\"wp-block-separator has-alpha-channel-opacity\"\/>\n\n\n\n<h5 class=\"wp-block-heading has-text-align-center\"><span style=\"color:#00C2FF;\">Dokumentacja techniczna<\/span><\/h5>\n\n\n\n<p class=\"has-text-align-center\">Przygotowujemy dokumentacj\u0119 niezb\u0119dn\u0105 do realizacji rozwi\u0105zania, jego wdro\u017cenia oraz dalszej pracy projektowej i wykonawczej.<br><\/p>\n<\/div>\n<\/div>\n<\/div>\n<\/div>\n\n\n\n<div style=\"height:101px\" aria-hidden=\"true\" class=\"wp-block-spacer\"><\/div>\n\n\n\n<p><\/p>\n\n\n\n<p><\/p>\n","protected":false},"excerpt":{"rendered":"<p>Wspieramy firmy w przygotowaniu rozwi\u0105za\u0144 technicznych z uwzgl\u0119dnieniem wymaga\u0144 procesu produkcyjnego, monta\u017cu oraz p\u00f3\u017aniejszego wdro\u017cenia. \u0141\u0105czymy podej\u015bcie projektowe z praktycznym spojrzeniem na wykonanie, organizacj\u0119 procesu i warunki eksploatacji. Technologia produkcji ma kluczowe znaczenie dla powodzenia projektu. Nawet poprawne konstrukcyjnie rozwi\u0105zanie wymaga odpowiedniego przygotowania pod k\u0105tem wykonania, organizacji procesu, mo\u017cliwo\u015bci technologicznych oraz wymaga\u0144 jako\u015bciowych. Dlatego ju\u017c [&hellip;]<\/p>\n","protected":false},"author":2,"featured_media":0,"parent":0,"menu_order":0,"comment_status":"closed","ping_status":"closed","template":"","meta":{"footnotes":""},"class_list":["post-519","page","type-page","status-publish","hentry"],"blocksy_meta":[],"_links":{"self":[{"href":"https:\/\/rsolutions.pl\/index.php\/wp-json\/wp\/v2\/pages\/519","targetHints":{"allow":["GET"]}}],"collection":[{"href":"https:\/\/rsolutions.pl\/index.php\/wp-json\/wp\/v2\/pages"}],"about":[{"href":"https:\/\/rsolutions.pl\/index.php\/wp-json\/wp\/v2\/types\/page"}],"author":[{"embeddable":true,"href":"https:\/\/rsolutions.pl\/index.php\/wp-json\/wp\/v2\/users\/2"}],"replies":[{"embeddable":true,"href":"https:\/\/rsolutions.pl\/index.php\/wp-json\/wp\/v2\/comments?post=519"}],"version-history":[{"count":8,"href":"https:\/\/rsolutions.pl\/index.php\/wp-json\/wp\/v2\/pages\/519\/revisions"}],"predecessor-version":[{"id":579,"href":"https:\/\/rsolutions.pl\/index.php\/wp-json\/wp\/v2\/pages\/519\/revisions\/579"}],"wp:attachment":[{"href":"https:\/\/rsolutions.pl\/index.php\/wp-json\/wp\/v2\/media?parent=519"}],"curies":[{"name":"wp","href":"https:\/\/api.w.org\/{rel}","templated":true}]}}