{"id":526,"date":"2026-03-27T08:48:51","date_gmt":"2026-03-27T08:48:51","guid":{"rendered":"https:\/\/rsolutions.pl\/?page_id=526"},"modified":"2026-03-27T09:50:32","modified_gmt":"2026-03-27T09:50:32","slug":"wzornictwo-przemyslowe","status":"publish","type":"page","link":"https:\/\/rsolutions.pl\/index.php\/wzornictwo-przemyslowe\/","title":{"rendered":"Wzornictwo przemys\u0142owe"},"content":{"rendered":"\n<div style=\"height:100px\" aria-hidden=\"true\" class=\"wp-block-spacer\"><\/div>\n\n\n\n<div class=\"wp-block-columns is-layout-flex wp-container-core-columns-is-layout-28f84493 wp-block-columns-is-layout-flex\">\n<div class=\"wp-block-column feature-box is-layout-flow wp-block-column-is-layout-flow\">\n<figure class=\"wp-block-image aligncenter size-large\"><img loading=\"lazy\" decoding=\"async\" width=\"1024\" height=\"227\" src=\"https:\/\/rsolutions.pl\/wp-content\/uploads\/2026\/03\/rs_transp-1-1024x227.png\" alt=\"\" class=\"wp-image-408\" srcset=\"https:\/\/rsolutions.pl\/wp-content\/uploads\/2026\/03\/rs_transp-1-1024x227.png 1024w, https:\/\/rsolutions.pl\/wp-content\/uploads\/2026\/03\/rs_transp-1-300x67.png 300w, https:\/\/rsolutions.pl\/wp-content\/uploads\/2026\/03\/rs_transp-1-768x170.png 768w, https:\/\/rsolutions.pl\/wp-content\/uploads\/2026\/03\/rs_transp-1.png 1141w\" sizes=\"auto, (max-width: 1024px) 100vw, 1024px\" \/><\/figure>\n<\/div>\n<\/div>\n\n\n\n<div class=\"wp-block-columns is-layout-flex wp-container-core-columns-is-layout-28f84493 wp-block-columns-is-layout-flex\">\n<div class=\"wp-block-column is-layout-flow wp-block-column-is-layout-flow\">\n<p><strong><span style=\"color:#00C2FF;\"><strong><strong>Wspieramy firmy w opracowywaniu rozwi\u0105za\u0144, kt\u00f3re \u0142\u0105cz\u0105 funkcjonalno\u015b\u0107 techniczn\u0105 z estetyk\u0105, ergonomi\u0105 i sp\u00f3jn\u0105 form\u0105 wizualn\u0105.<\/strong> Wsp\u00f3\u0142pracujemy z projektantami wzornictwa przemys\u0142owego, aby tworzy\u0107 produkty i rozwi\u0105zania dopasowane nie tylko do wymaga\u0144 u\u017cytkowych, ale r\u00f3wnie\u017c do oczekiwa\u0144 zwi\u0105zanych z odbiorem wizualnym i komfortem u\u017cytkowania.<\/strong><\/span><\/strong><\/p>\n\n\n\n<p>Wzornictwo przemys\u0142owe traktujemy jako istotny element procesu rozwoju produktu. Odpowiednio opracowana forma, czytelny uk\u0142ad element\u00f3w, ergonomia obs\u0142ugi oraz sp\u00f3jno\u015b\u0107 wizualna wp\u0142ywaj\u0105 nie tylko na wygl\u0105d rozwi\u0105zania, ale r\u00f3wnie\u017c na jego u\u017cyteczno\u015b\u0107, odbi\u00f3r rynkowy i jako\u015b\u0107 codziennego u\u017cytkowania.<\/p>\n\n\n\n<p>Wspieramy klient\u00f3w w projektach, w kt\u00f3rych liczy si\u0119 zar\u00f3wno poprawno\u015b\u0107 techniczna, jak i \u015bwiadome opracowanie warstwy wizualnej oraz u\u017cytkowej produktu, maszyny lub interfejs<\/p>\n\n\n\n<hr class=\"wp-block-separator has-alpha-channel-opacity\"\/>\n\n\n\n<div class=\"wp-block-columns is-layout-flex wp-container-core-columns-is-layout-28f84493 wp-block-columns-is-layout-flex\">\n<div class=\"wp-block-column is-layout-flow wp-block-column-is-layout-flow\" style=\"flex-basis:60px\">\n<figure class=\"wp-block-image aligncenter size-full\"><img decoding=\"async\" src=\"https:\/\/rsolutions.pl\/wp-content\/uploads\/2026\/03\/jak_pracujemy.svg\" alt=\"\" class=\"wp-image-486\"\/><\/figure>\n<\/div>\n\n\n\n<div class=\"wp-block-column is-layout-flow wp-block-column-is-layout-flow\">\n<h2 class=\"wp-block-heading alignfull has-text-align-left\"><span style=\"color:#00C2FF;\">Jak pracujemy<\/span> <\/h2>\n<\/div>\n<\/div>\n\n\n\n<p class=\"has-text-align-left\">Ka\u017cdy projekt analizujemy nie tylko pod k\u0105tem technicznym, ale r\u00f3wnie\u017c z perspektywy u\u017cytkownika, ergonomii oraz odbioru wizualnego. Uwzgl\u0119dniamy funkcj\u0119 rozwi\u0105zania, spos\u00f3b obs\u0142ugi, \u015brodowisko pracy oraz za\u0142o\u017cenia estetyczne i komunikacyjne.<\/p>\n\n\n\n<p class=\"has-text-align-left\">Dzi\u0119ki wsp\u00f3\u0142pracy projektowej i wzorniczej wspieramy klient\u00f3w w opracowaniu rozwi\u0105za\u0144, kt\u00f3re s\u0105 czytelne, funkcjonalne i sp\u00f3jne wizualnie. Naszym celem jest tworzenie produkt\u00f3w i interfejs\u00f3w, kt\u00f3re dobrze dzia\u0142aj\u0105, dobrze wygl\u0105daj\u0105 i s\u0105 intuicyjne w u\u017cytkowaniu.<\/p>\n\n\n\n<div class=\"wp-block-columns is-layout-flex wp-container-core-columns-is-layout-28f84493 wp-block-columns-is-layout-flex\">\n<div class=\"wp-block-column is-layout-flow wp-block-column-is-layout-flow\" style=\"flex-basis:60px\">\n<figure class=\"wp-block-image aligncenter size-full\"><img decoding=\"async\" src=\"https:\/\/rsolutions.pl\/wp-content\/uploads\/2026\/03\/dla_kogo.svg\" alt=\"\" class=\"wp-image-485\"\/><\/figure>\n<\/div>\n\n\n\n<div class=\"wp-block-column is-layout-flow wp-block-column-is-layout-flow\">\n<h2 class=\"wp-block-heading alignfull has-text-align-left\"><span style=\"color:#00C2FF;\">Dla kogo jest ta us\u0142uga<\/span><\/h2>\n<\/div>\n<\/div>\n\n\n\n<p>Us\u0142uga jest skierowana do firm, kt\u00f3re: <\/p>\n\n\n\n<ul class=\"wp-block-list\">\n<li>rozwijaj\u0105 nowe produkty, maszyny lub urz\u0105dzenia,<\/li>\n\n\n\n<li>chc\u0105 poprawi\u0107 estetyk\u0119 i ergonomi\u0119 istniej\u0105cych rozwi\u0105za\u0144,<\/li>\n\n\n\n<li>potrzebuj\u0105 lepszej komunikacji wizualnej produktu lub interfejsu,<\/li>\n\n\n\n<li>szukaj\u0105 po\u0142\u0105czenia podej\u015bcia technicznego z warstw\u0105 u\u017cytkow\u0105 i wizualn\u0105,<\/li>\n\n\n\n<li>chc\u0105 uporz\u0105dkowa\u0107 wygl\u0105d produktu, oznacze\u0144 lub oprogramowania.<\/li>\n<\/ul>\n<\/div>\n\n\n\n<div class=\"wp-block-column is-layout-flow wp-block-column-is-layout-flow\">\n<div class=\"wp-block-columns is-layout-flex wp-container-core-columns-is-layout-28f84493 wp-block-columns-is-layout-flex\">\n<div class=\"wp-block-column feature-box is-layout-flow wp-block-column-is-layout-flow\">\n<figure class=\"wp-block-image aligncenter size-full is-resized\"><img decoding=\"async\" src=\"https:\/\/rsolutions.pl\/wp-content\/uploads\/2026\/03\/wspolpraca_z_projektantami_wzornictwa.svg\" alt=\"\" class=\"wp-image-553\" style=\"object-fit:cover;width:50px;height:50px\"\/><\/figure>\n\n\n\n<hr class=\"wp-block-separator has-alpha-channel-opacity\"\/>\n\n\n\n<h5 class=\"wp-block-heading has-text-align-center\"><span style=\"color:#00C2FF;\">Wsp\u00f3\u0142praca z projektantami wzornictwa<\/span><\/h5>\n\n\n\n<p class=\"has-text-align-center\">Opracowujemy rozwi\u0105zania konstrukcyjne dla cz\u0119\u015bci, zespo\u0142\u00f3w oraz komponent\u00f3w stosowanych w maszynach, urz\u0105dzeniach i systemach technicznych.<br><\/p>\n<\/div>\n\n\n\n<div class=\"wp-block-column feature-box is-layout-flow wp-block-column-is-layout-flow\">\n<figure class=\"wp-block-image aligncenter size-full is-resized\"><img decoding=\"async\" src=\"https:\/\/rsolutions.pl\/wp-content\/uploads\/2026\/03\/forma_wizualna_maszyn_i_urzadzen.svg\" alt=\"\" class=\"wp-image-549\" style=\"object-fit:cover;width:50px;height:50px\"\/><\/figure>\n\n\n\n<hr class=\"wp-block-separator has-alpha-channel-opacity\"\/>\n\n\n\n<h5 class=\"wp-block-heading has-text-align-center\"><span style=\"color:#00C2FF;\">Forma wizualna maszyn i urz\u0105dze\u0144<\/span><\/h5>\n\n\n\n<p class=\"has-text-align-center\">Projektujemy uchwyty, narz\u0119dzia, elementy pomocnicze oraz rozwi\u0105zania wspieraj\u0105ce proces produkcji, monta\u017cu i kontroli.<br><\/p>\n<\/div>\n\n\n\n<div class=\"wp-block-column feature-box is-layout-flow wp-block-column-is-layout-flow\">\n<figure class=\"wp-block-image aligncenter size-full is-resized\"><img decoding=\"async\" src=\"https:\/\/rsolutions.pl\/wp-content\/uploads\/2026\/03\/piktogramy_i_oznaczenia.svg\" alt=\"\" class=\"wp-image-551\" style=\"object-fit:cover;width:50px;height:50px\"\/><\/figure>\n\n\n\n<hr class=\"wp-block-separator has-alpha-channel-opacity\"\/>\n\n\n\n<h5 class=\"wp-block-heading has-text-align-center\"><span style=\"color:#00C2FF;\">Piktogramy i oznaczenia<\/span><\/h5>\n\n\n\n<p class=\"has-text-align-center\">Tworzymy konstrukcje dopasowane do indywidualnych wymaga\u0144 projektu, procesu technologicznego lub konkretnego zastosowania przemys\u0142owego.<br><\/p>\n<\/div>\n<\/div>\n\n\n\n<div class=\"wp-block-columns is-layout-flex wp-container-core-columns-is-layout-28f84493 wp-block-columns-is-layout-flex\">\n<div class=\"wp-block-column is-layout-flow wp-block-column-is-layout-flow\">\n<div class=\"wp-block-columns is-layout-flex wp-container-core-columns-is-layout-28f84493 wp-block-columns-is-layout-flex\">\n<div class=\"wp-block-column feature-box is-layout-flow wp-block-column-is-layout-flow\">\n<figure class=\"wp-block-image aligncenter size-full is-resized\"><img decoding=\"async\" src=\"https:\/\/rsolutions.pl\/wp-content\/uploads\/2026\/03\/layouty_oprogramowania_i_interfejsow.svg\" alt=\"\" class=\"wp-image-550\" style=\"object-fit:cover;width:50px;height:50px\"\/><\/figure>\n\n\n\n<hr class=\"wp-block-separator has-alpha-channel-opacity\"\/>\n\n\n\n<h5 class=\"wp-block-heading has-text-align-center\"><span style=\"color:#00C2FF;\">Layouty oprogramowania i interfejs\u00f3w<\/span><\/h5>\n\n\n\n<p class=\"has-text-align-center\">Wspieramy modyfikacj\u0119 i doskonalenie ju\u017c stosowanych rozwi\u0105za\u0144 przez popraw\u0119 funkcjonalno\u015bci, dostosowanie do nowych warunk\u00f3w pracy lub zmian\u0119 za\u0142o\u017ce\u0144 projektowych.<\/p>\n<\/div>\n\n\n\n<div class=\"wp-block-column feature-box is-layout-flow wp-block-column-is-layout-flow\">\n<figure class=\"wp-block-image aligncenter size-full is-resized\"><img decoding=\"async\" src=\"https:\/\/rsolutions.pl\/wp-content\/uploads\/2026\/03\/ergonomia_uzytkowania.svg\" alt=\"\" class=\"wp-image-548\" style=\"object-fit:cover;width:50px;height:50px\"\/><\/figure>\n\n\n\n<hr class=\"wp-block-separator has-alpha-channel-opacity\"\/>\n\n\n\n<h5 class=\"wp-block-heading has-text-align-center\"><span style=\"color:#00C2FF;\">Ergonomia u\u017cytkowania<\/span><\/h5>\n\n\n\n<p class=\"has-text-align-center\">Uwzgl\u0119dniamy technologi\u0119 wykonania, spos\u00f3b monta\u017cu, wymagania u\u017cytkowe i warunki eksploatacji ju\u017c na etapie opracowania rozwi\u0105zania.<br><\/p>\n<\/div>\n\n\n\n<div class=\"wp-block-column feature-box is-layout-flow wp-block-column-is-layout-flow\">\n<figure class=\"wp-block-image aligncenter size-full is-resized\"><img decoding=\"async\" src=\"https:\/\/rsolutions.pl\/wp-content\/uploads\/2026\/03\/spojnosc_wizualna_produktu.svg\" alt=\"\" class=\"wp-image-552\" style=\"object-fit:cover;width:50px;height:50px\"\/><\/figure>\n\n\n\n<hr class=\"wp-block-separator has-alpha-channel-opacity\"\/>\n\n\n\n<h5 class=\"wp-block-heading has-text-align-center\"><span style=\"color:#00C2FF;\">Sp\u00f3jno\u015b\u0107 wizualna produktu<\/span><\/h5>\n\n\n\n<p class=\"has-text-align-center\">Przygotowujemy dokumentacj\u0119 projektow\u0105 i wykonawcz\u0105 niezb\u0119dn\u0105 do dalszego rozwoju, realizacji oraz wdro\u017cenia rozwi\u0105zania.<br><\/p>\n<\/div>\n<\/div>\n<\/div>\n<\/div>\n<\/div>\n<\/div>\n\n\n\n<hr class=\"wp-block-separator has-alpha-channel-opacity is-style-wide\"\/>\n\n\n\n<p class=\"has-text-align-center\">Potrzebujesz wsparcia w opracowaniu wygl\u0105du produktu, interfejsu lub komunikacji wizualnej rozwi\u0105zania technicznego?<br>Skontaktuj si\u0119 z nami i opowiedz o swoim projekcie.<\/p>\n\n\n\n<div class=\"wp-block-buttons alignwide is-content-justification-center is-layout-flex wp-container-core-buttons-is-layout-a89b3969 wp-block-buttons-is-layout-flex\">\n<div class=\"wp-block-button\"><a class=\"wp-block-button__link has-text-align-center wp-element-button\" href=\"mailto:biuro@rsolutions.pl\">Napisz do nas<\/a><\/div>\n<\/div>\n\n\n\n<hr class=\"wp-block-separator has-alpha-channel-opacity is-style-wide\"\/>\n\n\n\n<div style=\"height:101px\" aria-hidden=\"true\" class=\"wp-block-spacer\"><\/div>\n","protected":false},"excerpt":{"rendered":"<p>Wspieramy firmy w opracowywaniu rozwi\u0105za\u0144, kt\u00f3re \u0142\u0105cz\u0105 funkcjonalno\u015b\u0107 techniczn\u0105 z estetyk\u0105, ergonomi\u0105 i sp\u00f3jn\u0105 form\u0105 wizualn\u0105. Wsp\u00f3\u0142pracujemy z projektantami wzornictwa przemys\u0142owego, aby tworzy\u0107 produkty i rozwi\u0105zania dopasowane nie tylko do wymaga\u0144 u\u017cytkowych, ale r\u00f3wnie\u017c do oczekiwa\u0144 zwi\u0105zanych z odbiorem wizualnym i komfortem u\u017cytkowania. Wzornictwo przemys\u0142owe traktujemy jako istotny element procesu rozwoju produktu. Odpowiednio opracowana forma, [&hellip;]<\/p>\n","protected":false},"author":2,"featured_media":0,"parent":0,"menu_order":0,"comment_status":"closed","ping_status":"closed","template":"","meta":{"footnotes":""},"class_list":["post-526","page","type-page","status-publish","hentry"],"blocksy_meta":[],"_links":{"self":[{"href":"https:\/\/rsolutions.pl\/index.php\/wp-json\/wp\/v2\/pages\/526","targetHints":{"allow":["GET"]}}],"collection":[{"href":"https:\/\/rsolutions.pl\/index.php\/wp-json\/wp\/v2\/pages"}],"about":[{"href":"https:\/\/rsolutions.pl\/index.php\/wp-json\/wp\/v2\/types\/page"}],"author":[{"embeddable":true,"href":"https:\/\/rsolutions.pl\/index.php\/wp-json\/wp\/v2\/users\/2"}],"replies":[{"embeddable":true,"href":"https:\/\/rsolutions.pl\/index.php\/wp-json\/wp\/v2\/comments?post=526"}],"version-history":[{"count":5,"href":"https:\/\/rsolutions.pl\/index.php\/wp-json\/wp\/v2\/pages\/526\/revisions"}],"predecessor-version":[{"id":580,"href":"https:\/\/rsolutions.pl\/index.php\/wp-json\/wp\/v2\/pages\/526\/revisions\/580"}],"wp:attachment":[{"href":"https:\/\/rsolutions.pl\/index.php\/wp-json\/wp\/v2\/media?parent=526"}],"curies":[{"name":"wp","href":"https:\/\/api.w.org\/{rel}","templated":true}]}}