{"id":581,"date":"2026-03-27T10:09:26","date_gmt":"2026-03-27T10:09:26","guid":{"rendered":"https:\/\/rsolutions.pl\/?page_id=581"},"modified":"2026-03-27T10:17:43","modified_gmt":"2026-03-27T10:17:43","slug":"badania-i-rozwoj","status":"publish","type":"page","link":"https:\/\/rsolutions.pl\/index.php\/badania-i-rozwoj\/","title":{"rendered":"Badania i rozw\u00f3j"},"content":{"rendered":"\n<div style=\"height:100px\" aria-hidden=\"true\" class=\"wp-block-spacer\"><\/div>\n\n\n\n<div class=\"wp-block-columns is-layout-flex wp-container-core-columns-is-layout-28f84493 wp-block-columns-is-layout-flex\">\n<div class=\"wp-block-column feature-box is-layout-flow wp-block-column-is-layout-flow\">\n<figure class=\"wp-block-image aligncenter size-large\"><img loading=\"lazy\" decoding=\"async\" width=\"1024\" height=\"227\" src=\"https:\/\/rsolutions.pl\/wp-content\/uploads\/2026\/03\/rs_transp-1-1024x227.png\" alt=\"\" class=\"wp-image-408\" srcset=\"https:\/\/rsolutions.pl\/wp-content\/uploads\/2026\/03\/rs_transp-1-1024x227.png 1024w, https:\/\/rsolutions.pl\/wp-content\/uploads\/2026\/03\/rs_transp-1-300x67.png 300w, https:\/\/rsolutions.pl\/wp-content\/uploads\/2026\/03\/rs_transp-1-768x170.png 768w, https:\/\/rsolutions.pl\/wp-content\/uploads\/2026\/03\/rs_transp-1.png 1141w\" sizes=\"auto, (max-width: 1024px) 100vw, 1024px\" \/><\/figure>\n<\/div>\n<\/div>\n\n\n\n<div class=\"wp-block-columns is-layout-flex wp-container-core-columns-is-layout-28f84493 wp-block-columns-is-layout-flex\">\n<div class=\"wp-block-column is-layout-flow wp-block-column-is-layout-flow\">\n<p><strong><span style=\"color:#00C2FF;\"><strong><strong><strong>Wspieramy firmy w realizacji prac badawczo-rozwojowych ukierunkowanych na rozw\u00f3j produkt\u00f3w, weryfikacj\u0119 rozwi\u0105za\u0144 technicznych oraz przygotowanie nowych koncepcji do zastosowa\u0144 przemys\u0142owych.<\/strong> \u0141\u0105czymy praktyk\u0119 in\u017cyniersk\u0105 z zapleczem projektowym i analitycznym, dzi\u0119ki czemu pomagamy prze\u0142o\u017cy\u0107 za\u0142o\u017cenia rozwojowe na konkretne dzia\u0142ania techniczne.<\/strong><\/strong><\/span><\/strong><\/p>\n\n\n\n<p>Prace badawczo-rozwojowe s\u0105 istotnym elementem procesu tworzenia i doskonalenia rozwi\u0105za\u0144 dla przemys\u0142u. Obejmuj\u0105 nie tylko poszukiwanie nowych koncepcji, ale r\u00f3wnie\u017c analiz\u0119 istniej\u0105cych rozwi\u0105za\u0144, ocen\u0119 wariant\u00f3w, weryfikacj\u0119 za\u0142o\u017ce\u0144 oraz przygotowanie produktu do dalszego rozwoju lub wdro\u017cenia.<\/p>\n\n\n\n<p>Nasze podej\u015bcie \u0142\u0105czy do\u015bwiadczenie projektowe z zapleczem naukowo-technicznym oraz praktycznym rozumieniem potrzeb przemys\u0142u. Dzi\u0119ki temu wspieramy klient\u00f3w w zadaniach wymagaj\u0105cych zar\u00f3wno rzetelnej analizy, jak i ukierunkowania na realne zastosowanie rozwi\u0105zania.<\/p>\n\n\n\n<p>Dzia\u0142amy w obszarach, w kt\u00f3rych rozw\u00f3j produktu wymaga uporz\u0105dkowanego procesu, technicznej weryfikacji oraz \u015bwiadomego przechodzenia od koncepcji do rozwi\u0105zania mo\u017cliwego do wykorzystania w praktyce.<\/p>\n\n\n\n<hr class=\"wp-block-separator has-alpha-channel-opacity\"\/>\n\n\n\n<div class=\"wp-block-columns is-layout-flex wp-container-core-columns-is-layout-28f84493 wp-block-columns-is-layout-flex\">\n<div class=\"wp-block-column is-layout-flow wp-block-column-is-layout-flow\" style=\"flex-basis:60px\">\n<figure class=\"wp-block-image aligncenter size-full\"><img decoding=\"async\" src=\"https:\/\/rsolutions.pl\/wp-content\/uploads\/2026\/03\/jak_pracujemy.svg\" alt=\"\" class=\"wp-image-486\"\/><\/figure>\n<\/div>\n\n\n\n<div class=\"wp-block-column is-layout-flow wp-block-column-is-layout-flow\">\n<h2 class=\"wp-block-heading alignfull has-text-align-left\"><span style=\"color:#00C2FF;\">Jak pracujemy<\/span> <\/h2>\n<\/div>\n<\/div>\n\n\n\n<p class=\"has-text-align-left\">Ka\u017cde zadanie rozpoczynamy od analizy problemu, za\u0142o\u017ce\u0144 technicznych oraz celu rozwojowego. Nast\u0119pnie porz\u0105dkujemy zakres prac, identyfikujemy najwa\u017cniejsze obszary wymagaj\u0105ce weryfikacji i wspieramy klienta w opracowaniu rozwi\u0105zania dopasowanego do rzeczywistych potrzeb projektu.<\/p>\n\n\n\n<p>W zale\u017cno\u015bci od charakteru zadania prace mog\u0105 obejmowa\u0107 analiz\u0119 koncepcji, ocen\u0119 wariant\u00f3w, rozw\u00f3j konstrukcji, optymalizacj\u0119 rozwi\u0105zania lub przygotowanie go do dalszego etapu projektowego, wykonawczego albo wdro\u017ceniowego.<\/p>\n\n\n\n<p class=\"has-text-align-left\">Stawiamy na podej\u015bcie, kt\u00f3re \u0142\u0105czy rzetelno\u015b\u0107 analityczn\u0105 z praktycznym ukierunkowaniem na rezultat. Naszym celem nie s\u0105 badania oderwane od zastosowania, lecz dzia\u0142ania, kt\u00f3re realnie wspieraj\u0105 rozw\u00f3j produktu i decyzje techniczne w firmie.<\/p>\n\n\n\n<div class=\"wp-block-columns is-layout-flex wp-container-core-columns-is-layout-28f84493 wp-block-columns-is-layout-flex\">\n<div class=\"wp-block-column is-layout-flow wp-block-column-is-layout-flow\" style=\"flex-basis:60px\">\n<figure class=\"wp-block-image aligncenter size-full\"><img decoding=\"async\" src=\"https:\/\/rsolutions.pl\/wp-content\/uploads\/2026\/03\/dla_kogo.svg\" alt=\"\" class=\"wp-image-485\"\/><\/figure>\n<\/div>\n\n\n\n<div class=\"wp-block-column is-layout-flow wp-block-column-is-layout-flow\">\n<h2 class=\"wp-block-heading alignfull has-text-align-left\"><span style=\"color:#00C2FF;\">Dla kogo jest ta us\u0142uga<\/span><\/h2>\n<\/div>\n<\/div>\n\n\n\n<p>Us\u0142uga jest skierowana do firm, kt\u00f3re: <\/p>\n\n\n\n<ul class=\"wp-block-list\">\n<li>rozwijaj\u0105 nowe produkty lub rozwi\u0105zania techniczne,<\/li>\n\n\n\n<li>potrzebuj\u0105 wsparcia przy ocenie i weryfikacji koncepcji,<\/li>\n\n\n\n<li>chc\u0105 uporz\u0105dkowa\u0107 proces rozwoju produktu,<\/li>\n\n\n\n<li>szukaj\u0105 partnera do zada\u0144 wymagaj\u0105cych analizy i podej\u015bcia badawczo-rozwojowego,<\/li>\n\n\n\n<li>planuj\u0105 rozw\u00f3j rozwi\u0105zania przed etapem wdro\u017cenia przemys\u0142owego.<\/li>\n<\/ul>\n<\/div>\n\n\n\n<div class=\"wp-block-column is-layout-flow wp-block-column-is-layout-flow\">\n<div class=\"wp-block-columns is-layout-flex wp-container-core-columns-is-layout-28f84493 wp-block-columns-is-layout-flex\">\n<div class=\"wp-block-column feature-box is-layout-flow wp-block-column-is-layout-flow\">\n<figure class=\"wp-block-image aligncenter size-full is-resized\"><img decoding=\"async\" src=\"https:\/\/rsolutions.pl\/wp-content\/uploads\/2026\/03\/01_rozwoj_nowych_rozwiazan_technicznych.svg\" alt=\"\" class=\"wp-image-584\" style=\"object-fit:cover;width:50px;height:50px\"\/><\/figure>\n\n\n\n<hr class=\"wp-block-separator has-alpha-channel-opacity\"\/>\n\n\n\n<h5 class=\"wp-block-heading has-text-align-center\"><span style=\"color:#00C2FF;\">Rozw\u00f3j nowych rozwi\u0105za\u0144 technicznych<\/span><\/h5>\n\n\n\n<p class=\"has-text-align-center\">Wspieramy opracowanie nowych koncepcji, produkt\u00f3w oraz element\u00f3w konstrukcyjnych z uwzgl\u0119dnieniem wymaga\u0144 funkcjonalnych, technologicznych i u\u017cytkowych.<br><\/p>\n<\/div>\n\n\n\n<div class=\"wp-block-column feature-box is-layout-flow wp-block-column-is-layout-flow\">\n<figure class=\"wp-block-image aligncenter size-full is-resized\"><img decoding=\"async\" src=\"https:\/\/rsolutions.pl\/wp-content\/uploads\/2026\/03\/02_weryfikacja_zalozen_projektowych.svg\" alt=\"\" class=\"wp-image-585\" style=\"object-fit:cover;width:50px;height:50px\"\/><\/figure>\n\n\n\n<hr class=\"wp-block-separator has-alpha-channel-opacity\"\/>\n\n\n\n<h5 class=\"wp-block-heading has-text-align-center\"><span style=\"color:#00C2FF;\">Weryfikacja za\u0142o\u017ce\u0144 projektowych<\/span><\/h5>\n\n\n\n<p class=\"has-text-align-center\">Analizujemy przyj\u0119te za\u0142o\u017cenia i pomagamy oceni\u0107, czy planowane rozwi\u0105zanie odpowiada rzeczywistym wymaganiom technicznym, eksploatacyjnym i wdro\u017ceniowym.<br><\/p>\n<\/div>\n\n\n\n<div class=\"wp-block-column feature-box is-layout-flow wp-block-column-is-layout-flow\">\n<figure class=\"wp-block-image aligncenter size-full is-resized\"><img decoding=\"async\" src=\"https:\/\/rsolutions.pl\/wp-content\/uploads\/2026\/03\/03_analiza_wariantow_rozwiazan.svg\" alt=\"\" class=\"wp-image-586\" style=\"object-fit:cover;width:50px;height:50px\"\/><\/figure>\n\n\n\n<hr class=\"wp-block-separator has-alpha-channel-opacity\"\/>\n\n\n\n<h5 class=\"wp-block-heading has-text-align-center\"><span style=\"color:#00C2FF;\">Analiza wariant\u00f3w rozwi\u0105za\u0144<\/span><\/h5>\n\n\n\n<p class=\"has-text-align-center\">Por\u00f3wnujemy mo\u017cliwe kierunki rozwoju projektu, wskazuj\u0105c rozwi\u0105zania bardziej racjonalne pod wzgl\u0119dem funkcji, trwa\u0142o\u015bci, technologii wykonania i dalszego wykorzystania.<br><\/p>\n<\/div>\n<\/div>\n\n\n\n<div class=\"wp-block-columns is-layout-flex wp-container-core-columns-is-layout-28f84493 wp-block-columns-is-layout-flex\">\n<div class=\"wp-block-column is-layout-flow wp-block-column-is-layout-flow\">\n<div class=\"wp-block-columns is-layout-flex wp-container-core-columns-is-layout-28f84493 wp-block-columns-is-layout-flex\">\n<div class=\"wp-block-column feature-box is-layout-flow wp-block-column-is-layout-flow\">\n<figure class=\"wp-block-image aligncenter size-full is-resized\"><img decoding=\"async\" src=\"https:\/\/rsolutions.pl\/wp-content\/uploads\/2026\/03\/04_optymalizacja_konstrukcji_i_produktu.svg\" alt=\"\" class=\"wp-image-587\" style=\"object-fit:cover;width:50px;height:50px\"\/><\/figure>\n\n\n\n<hr class=\"wp-block-separator has-alpha-channel-opacity\"\/>\n\n\n\n<h5 class=\"wp-block-heading has-text-align-center\"><span style=\"color:#00C2FF;\">Optymalizacja konstrukcji i produktu<\/span><\/h5>\n\n\n\n<p class=\"has-text-align-center\">Wspieramy doskonalenie istniej\u0105cych rozwi\u0105za\u0144 przez ich modyfikacj\u0119, uproszczenie, popraw\u0119 funkcjonalno\u015bci lub dostosowanie do nowych warunk\u00f3w pracy.<\/p>\n<\/div>\n\n\n\n<div class=\"wp-block-column feature-box is-layout-flow wp-block-column-is-layout-flow\">\n<figure class=\"wp-block-image aligncenter size-full is-resized\"><img decoding=\"async\" src=\"https:\/\/rsolutions.pl\/wp-content\/uploads\/2026\/03\/05_przygotowanie_rozwiazan_do_wdrozenia.svg\" alt=\"\" class=\"wp-image-588\" style=\"object-fit:cover;width:50px;height:50px\"\/><\/figure>\n\n\n\n<hr class=\"wp-block-separator has-alpha-channel-opacity\"\/>\n\n\n\n<h5 class=\"wp-block-heading has-text-align-center\"><span style=\"color:#00C2FF;\">Przygotowanie rozwi\u0105za\u0144 do wdro\u017cenia<\/span><\/h5>\n\n\n\n<p class=\"has-text-align-center\">Pomagamy uporz\u0105dkowa\u0107 etap przej\u015bcia od koncepcji i analizy do rozwi\u0105zania przygotowanego do dalszego rozwoju, dokumentacji, wykonania lub wdro\u017cenia.<br><\/p>\n<\/div>\n\n\n\n<div class=\"wp-block-column feature-box is-layout-flow wp-block-column-is-layout-flow\">\n<figure class=\"wp-block-image aligncenter size-full is-resized\"><img decoding=\"async\" src=\"https:\/\/rsolutions.pl\/wp-content\/uploads\/2026\/03\/06_projekty_na_styku_przemyslu_i_bplusr.svg\" alt=\"\" class=\"wp-image-589\" style=\"object-fit:cover;width:50px;height:50px\"\/><\/figure>\n\n\n\n<hr class=\"wp-block-separator has-alpha-channel-opacity\"\/>\n\n\n\n<h5 class=\"wp-block-heading has-text-align-center\"><span style=\"color:#00C2FF;\">Projekty na styku przemys\u0142u i zaplecza naukowo-technicznego<\/span><\/h5>\n\n\n\n<p class=\"has-text-align-center\">Realizujemy zadania wymagaj\u0105ce po\u0142\u0105czenia praktycznego podej\u015bcia in\u017cynierskiego z analitycznym i rozwojowym spojrzeniem na problem techniczny. Przy wsp\u00f3\u0142pracy z o\u015brodkami naukowymi<br><\/p>\n<\/div>\n<\/div>\n<\/div>\n<\/div>\n\n\n\n<div class=\"wp-block-columns is-layout-flex wp-container-core-columns-is-layout-28f84493 wp-block-columns-is-layout-flex\">\n<div class=\"wp-block-column is-layout-flow wp-block-column-is-layout-flow\" style=\"flex-basis:60px\">\n<figure class=\"wp-block-image aligncenter size-full\"><img decoding=\"async\" src=\"https:\/\/rsolutions.pl\/wp-content\/uploads\/2026\/03\/korzysci_dla_partnera.svg\" alt=\"\" class=\"wp-image-516\"\/><\/figure>\n<\/div>\n\n\n\n<div class=\"wp-block-column is-layout-flow wp-block-column-is-layout-flow\">\n<h2 class=\"wp-block-heading alignfull has-text-align-left\"><span style=\"color:#00C2FF;\">Korzy\u015bci dla klienta<\/span><\/h2>\n<\/div>\n<\/div>\n\n\n\n<p>Us\u0142uga jest skierowana do firm, kt\u00f3re: <\/p>\n\n\n\n<ul class=\"wp-block-list\">\n<li>lepsze uporz\u0105dkowanie procesu rozwoju produktu,<\/li>\n\n\n\n<li>techniczna weryfikacja za\u0142o\u017ce\u0144 i kierunku projektu,<\/li>\n\n\n\n<li>wsparcie w ocenie wariant\u00f3w i podejmowaniu decyzji rozwojowych,<\/li>\n\n\n\n<li>po\u0142\u0105czenie podej\u015bcia in\u017cynierskiego z analitycznym zapleczem,<\/li>\n\n\n\n<li>przygotowanie rozwi\u0105zania do dalszego rozwoju lub wdro\u017cenia<\/li>\n<\/ul>\n<\/div>\n<\/div>\n\n\n\n<hr class=\"wp-block-separator has-alpha-channel-opacity is-style-wide\"\/>\n\n\n\n<p class=\"has-text-align-center\">Potrzebujesz wsparcia w opracowaniu wygl\u0105du produktu, interfejsu lub komunikacji wizualnej rozwi\u0105zania technicznego?<br>Skontaktuj si\u0119 z nami i opowiedz o swoim projekcie.<\/p>\n\n\n\n<div class=\"wp-block-buttons alignwide is-content-justification-center is-layout-flex wp-container-core-buttons-is-layout-a89b3969 wp-block-buttons-is-layout-flex\">\n<div class=\"wp-block-button\"><a class=\"wp-block-button__link has-text-align-center wp-element-button\" href=\"mailto:biuro@rsolutions.pl\">Napisz do nas<\/a><\/div>\n<\/div>\n\n\n\n<hr class=\"wp-block-separator has-alpha-channel-opacity is-style-wide\"\/>\n\n\n\n<div style=\"height:101px\" aria-hidden=\"true\" class=\"wp-block-spacer\"><\/div>\n","protected":false},"excerpt":{"rendered":"<p>Wspieramy firmy w realizacji prac badawczo-rozwojowych ukierunkowanych na rozw\u00f3j produkt\u00f3w, weryfikacj\u0119 rozwi\u0105za\u0144 technicznych oraz przygotowanie nowych koncepcji do zastosowa\u0144 przemys\u0142owych. \u0141\u0105czymy praktyk\u0119 in\u017cyniersk\u0105 z zapleczem projektowym i analitycznym, dzi\u0119ki czemu pomagamy prze\u0142o\u017cy\u0107 za\u0142o\u017cenia rozwojowe na konkretne dzia\u0142ania techniczne. Prace badawczo-rozwojowe s\u0105 istotnym elementem procesu tworzenia i doskonalenia rozwi\u0105za\u0144 dla przemys\u0142u. Obejmuj\u0105 nie tylko poszukiwanie nowych [&hellip;]<\/p>\n","protected":false},"author":2,"featured_media":0,"parent":0,"menu_order":0,"comment_status":"closed","ping_status":"closed","template":"","meta":{"footnotes":""},"class_list":["post-581","page","type-page","status-publish","hentry"],"blocksy_meta":[],"_links":{"self":[{"href":"https:\/\/rsolutions.pl\/index.php\/wp-json\/wp\/v2\/pages\/581","targetHints":{"allow":["GET"]}}],"collection":[{"href":"https:\/\/rsolutions.pl\/index.php\/wp-json\/wp\/v2\/pages"}],"about":[{"href":"https:\/\/rsolutions.pl\/index.php\/wp-json\/wp\/v2\/types\/page"}],"author":[{"embeddable":true,"href":"https:\/\/rsolutions.pl\/index.php\/wp-json\/wp\/v2\/users\/2"}],"replies":[{"embeddable":true,"href":"https:\/\/rsolutions.pl\/index.php\/wp-json\/wp\/v2\/comments?post=581"}],"version-history":[{"count":2,"href":"https:\/\/rsolutions.pl\/index.php\/wp-json\/wp\/v2\/pages\/581\/revisions"}],"predecessor-version":[{"id":590,"href":"https:\/\/rsolutions.pl\/index.php\/wp-json\/wp\/v2\/pages\/581\/revisions\/590"}],"wp:attachment":[{"href":"https:\/\/rsolutions.pl\/index.php\/wp-json\/wp\/v2\/media?parent=581"}],"curies":[{"name":"wp","href":"https:\/\/api.w.org\/{rel}","templated":true}]}}