{"id":9,"date":"2025-01-08T00:35:58","date_gmt":"2025-01-08T00:35:58","guid":{"rendered":"https:\/\/rsolutions.com.pl\/?page_id=9"},"modified":"2026-04-09T14:01:53","modified_gmt":"2026-04-09T14:01:53","slug":"uslugi","status":"publish","type":"page","link":"https:\/\/rsolutions.pl\/index.php\/uslugi\/","title":{"rendered":"Us\u0142ugi"},"content":{"rendered":"\n<div style=\"height:100px\" aria-hidden=\"true\" class=\"wp-block-spacer\"><\/div>\n\n\n\n<div class=\"wp-block-columns is-layout-flex wp-container-core-columns-is-layout-28f84493 wp-block-columns-is-layout-flex\">\n<div class=\"wp-block-column feature-box is-layout-flow wp-block-column-is-layout-flow\">\n<figure class=\"wp-block-image aligncenter size-large\"><img loading=\"lazy\" decoding=\"async\" width=\"1024\" height=\"227\" src=\"https:\/\/rsolutions.pl\/wp-content\/uploads\/2026\/03\/rs_transp-1-1024x227.png\" alt=\"\" class=\"wp-image-408\" srcset=\"https:\/\/rsolutions.pl\/wp-content\/uploads\/2026\/03\/rs_transp-1-1024x227.png 1024w, https:\/\/rsolutions.pl\/wp-content\/uploads\/2026\/03\/rs_transp-1-300x67.png 300w, https:\/\/rsolutions.pl\/wp-content\/uploads\/2026\/03\/rs_transp-1-768x170.png 768w, https:\/\/rsolutions.pl\/wp-content\/uploads\/2026\/03\/rs_transp-1.png 1141w\" sizes=\"auto, (max-width: 1024px) 100vw, 1024px\" \/><\/figure>\n<\/div>\n<\/div>\n\n\n\n<div class=\"wp-block-columns is-layout-flex wp-container-core-columns-is-layout-28f84493 wp-block-columns-is-layout-flex\">\n<div class=\"wp-block-column is-layout-flow wp-block-column-is-layout-flow\">\n<p><strong><span style=\"color:#00C2FF;\">Wspieramy firmy przemys\u0142owe w projektowaniu, analizie, rozwoju i wdra\u017caniu rozwi\u0105za\u0144 in\u017cynierskich. Realizujemy projekty od koncepcji, przez optymalizacj\u0119 i przygotowanie dokumentacji, a\u017c po rozwi\u0105zania gotowe do zastosowania w praktyce.<\/span><\/strong><\/p>\n\n\n\n<div class=\"wp-block-columns is-layout-flex wp-container-core-columns-is-layout-28f84493 wp-block-columns-is-layout-flex\">\n<div class=\"wp-block-column is-layout-flow wp-block-column-is-layout-flow\" style=\"flex-basis:60px\">\n<figure class=\"wp-block-image aligncenter size-full\"><img decoding=\"async\" src=\"https:\/\/rsolutions.pl\/wp-content\/uploads\/2026\/03\/jak_pracujemy.svg\" alt=\"\" class=\"wp-image-486\"\/><\/figure>\n<\/div>\n\n\n\n<div class=\"wp-block-column is-layout-flow wp-block-column-is-layout-flow\">\n<h2 class=\"wp-block-heading alignfull has-text-align-left\"><span style=\"color:#00C2FF;\">Jak pracujemy<\/span> <\/h2>\n<\/div>\n<\/div>\n\n\n\n<p class=\"has-text-align-left\">Ka\u017cdy projekt rozpoczynamy od analizy potrzeb, za\u0142o\u017ce\u0144 technicznych i warunk\u00f3w pracy. Nast\u0119pnie opracowujemy koncepcj\u0119, przygotowujemy rozwi\u0105zanie projektowe, weryfikujemy je oraz wspieramy klienta na etapie wdro\u017cenia. Dzi\u0119ki temu dostarczamy rozwi\u0105zania, kt\u00f3re s\u0105 nie tylko poprawne projektowo, ale r\u00f3wnie\u017c mo\u017cliwe do skutecznego zastosowania w praktyce.<\/p>\n\n\n\n<div class=\"wp-block-columns is-layout-flex wp-container-core-columns-is-layout-28f84493 wp-block-columns-is-layout-flex\">\n<div class=\"wp-block-column is-layout-flow wp-block-column-is-layout-flow\" style=\"flex-basis:60px\">\n<figure class=\"wp-block-image aligncenter size-full\"><img decoding=\"async\" src=\"https:\/\/rsolutions.pl\/wp-content\/uploads\/2026\/03\/dla_kogo.svg\" alt=\"\" class=\"wp-image-485\"\/><\/figure>\n<\/div>\n\n\n\n<div class=\"wp-block-column is-layout-flow wp-block-column-is-layout-flow\">\n<h2 class=\"wp-block-heading alignfull has-text-align-left\"><span style=\"color:#00C2FF;\">Dla kogo<\/span><\/h2>\n<\/div>\n<\/div>\n\n\n\n<p class=\"has-text-align-left\">Wsp\u00f3\u0142pracujemy z firmami, kt\u00f3re potrzebuj\u0105 wsparcia w projektowaniu nowych rozwi\u0105za\u0144, rozwoju istniej\u0105cych konstrukcji, optymalizacji produkt\u00f3w lub przygotowaniu rozwi\u0105za\u0144 do wdro\u017cenia.<\/p>\n\n\n\n<div style=\"height:100px\" aria-hidden=\"true\" class=\"wp-block-spacer\"><\/div>\n\n\n\n<hr class=\"wp-block-separator has-alpha-channel-opacity is-style-wide\"\/>\n\n\n\n<p class=\"has-text-align-center\"><strong><strong>Potrzebujesz wsparcia projektowego, analitycznego lub wdro\u017ceniowego?<\/strong><br><strong>Skontaktuj si\u0119 z nami i opowiedz o swoim projekcie.<\/strong><\/strong><\/p>\n\n\n\n<div class=\"wp-block-buttons alignwide is-content-justification-center is-layout-flex wp-container-core-buttons-is-layout-a89b3969 wp-block-buttons-is-layout-flex\">\n<div class=\"wp-block-button\"><a class=\"wp-block-button__link has-text-align-center wp-element-button\" href=\"mailto:biuro@rsolutions.pl\">Napisz do nas<\/a><\/div>\n<\/div>\n\n\n\n<hr class=\"wp-block-separator has-alpha-channel-opacity is-style-wide\"\/>\n<\/div>\n\n\n\n<div class=\"wp-block-column is-layout-flow wp-block-column-is-layout-flow\">\n<div class=\"wp-block-columns is-layout-flex wp-container-core-columns-is-layout-28f84493 wp-block-columns-is-layout-flex\">\n<div class=\"wp-block-column feature-box is-layout-flow wp-block-column-is-layout-flow\">\n<figure class=\"wp-block-image aligncenter size-full\"><img decoding=\"async\" src=\"https:\/\/rsolutions.pl\/wp-content\/uploads\/2026\/03\/design.svg\" alt=\"\" class=\"wp-image-447\"\/><\/figure>\n\n\n\n<hr class=\"wp-block-separator has-alpha-channel-opacity\"\/>\n\n\n\n<h5 class=\"wp-block-heading has-text-align-center\"><span style=\"color:#00C2FF;\">Projektowanie konstrukcji<\/span><\/h5>\n\n\n\n<p class=\"has-text-align-center\">Projektujemy elementy maszyn, urz\u0105dze\u0144 oraz rozwi\u0105zania techniczne dopasowane do wymaga\u0144 funkcjonalnych, produkcyjnych i eksploatacyjnych. Opracowujemy koncepcje i rozwi\u0105zania konstrukcyjne z uwzgl\u0119dnieniem warunk\u00f3w pracy, technologii wykonania oraz docelowego zastosowania.<br><\/p>\n<\/div>\n\n\n\n<div class=\"wp-block-column feature-box is-layout-flow wp-block-column-is-layout-flow\">\n<figure class=\"wp-block-image aligncenter size-full\"><img decoding=\"async\" src=\"https:\/\/rsolutions.pl\/wp-content\/uploads\/2026\/03\/tools_pik.svg\" alt=\"\" class=\"wp-image-469\"\/><\/figure>\n\n\n\n<hr class=\"wp-block-separator has-alpha-channel-opacity\"\/>\n\n\n\n<h6 class=\"wp-block-heading has-text-align-center\"><span style=\"color:#00C2FF;\">Oprzyrz\u0105dowanie i rozwi\u0105zania specjalne<\/span><\/h6>\n\n\n\n<p class=\"has-text-align-center\">Tworzymy projekty oprzyrz\u0105dowania technologicznego oraz konstrukcji przygotowywanych pod indywidualne potrzeby procesu, stanowiska lub produktu. Ka\u017cde rozwi\u0105zanie dopasowujemy do rzeczywistych wymaga\u0144 technicznych i organizacyjnych.<br><\/p>\n<\/div>\n\n\n\n<div class=\"wp-block-column feature-box is-layout-flow wp-block-column-is-layout-flow\">\n<figure class=\"wp-block-image aligncenter size-full\"><img decoding=\"async\" src=\"https:\/\/rsolutions.pl\/wp-content\/uploads\/2026\/03\/mes_pik.svg\" alt=\"\" class=\"wp-image-468\"\/><\/figure>\n\n\n\n<hr class=\"wp-block-separator has-alpha-channel-opacity\"\/>\n\n\n\n<h5 class=\"wp-block-heading has-text-align-center\"><span style=\"color:#00C2FF;\">Analiza MES i optymalizacja<\/span><\/h5>\n\n\n\n<p class=\"has-text-align-center\">Wspieramy rozw\u00f3j konstrukcji przez analizy, weryfikacj\u0119 za\u0142o\u017ce\u0144 projektowych oraz optymalizacj\u0119 rozwi\u0105za\u0144 pod k\u0105tem wytrzyma\u0142o\u015bci, funkcji i mo\u017cliwo\u015bci wykonania. Dzi\u0119ki temu pomagamy ogranicza\u0107 ryzyko b\u0142\u0119d\u00f3w projektowych i poprawia\u0107 jako\u015b\u0107 rozwi\u0105za\u0144 przed wdro\u017ceniem.<br><\/p>\n<\/div>\n<\/div>\n\n\n\n<div class=\"wp-block-columns is-layout-flex wp-container-core-columns-is-layout-28f84493 wp-block-columns-is-layout-flex\">\n<div class=\"wp-block-column is-layout-flow wp-block-column-is-layout-flow\">\n<div class=\"wp-block-columns is-layout-flex wp-container-core-columns-is-layout-28f84493 wp-block-columns-is-layout-flex\">\n<div class=\"wp-block-column feature-box is-layout-flow wp-block-column-is-layout-flow\">\n<figure class=\"wp-block-image aligncenter size-full\"><img decoding=\"async\" src=\"https:\/\/rsolutions.pl\/wp-content\/uploads\/2026\/03\/reserch.svg\" alt=\"\" class=\"wp-image-448\"\/><\/figure>\n\n\n\n<hr class=\"wp-block-separator has-alpha-channel-opacity\"\/>\n\n\n\n<h5 class=\"wp-block-heading has-text-align-center\"><span style=\"color:#00C2FF;\">Badania i rozw\u00f3j<\/span><\/h5>\n\n\n\n<p class=\"has-text-align-center\">Wspieramy rozw\u00f3j produkt\u00f3w i nowych rozwi\u0105za\u0144 technicznych przez analiz\u0119 konstrukcji, ocen\u0119 wariant\u00f3w oraz dopracowanie rozwi\u0105za\u0144 przed ich wdro\u017ceniem. \u0141\u0105czymy podej\u015bcie projektowe z praktycznym spojrzeniem na funkcj\u0119, trwa\u0142o\u015b\u0107 i mo\u017cliwo\u015bci zastosowania.<\/p>\n<\/div>\n\n\n\n<div class=\"wp-block-column feature-box is-layout-flow wp-block-column-is-layout-flow\">\n<figure class=\"wp-block-image aligncenter size-full\"><img decoding=\"async\" src=\"https:\/\/rsolutions.pl\/wp-content\/uploads\/2026\/03\/dokumentacja_pik.svg\" alt=\"\" class=\"wp-image-467\"\/><\/figure>\n\n\n\n<hr class=\"wp-block-separator has-alpha-channel-opacity\"\/>\n\n\n\n<h5 class=\"wp-block-heading has-text-align-center\"><span style=\"color:#00C2FF;\">Dokumentacja techniczna<\/span><\/h5>\n\n\n\n<p class=\"has-text-align-center\">Przygotowujemy dokumentacj\u0119 projektow\u0105, wykonawcz\u0105 i techniczn\u0105 niezb\u0119dn\u0105 do realizacji, wdro\u017cenia oraz dalszego rozwoju produktu. Dbamy o czytelno\u015b\u0107, sp\u00f3jno\u015b\u0107 i u\u017cyteczno\u015b\u0107 dokumentacji w praktyce projektowej i wykonawczej.<br><\/p>\n<\/div>\n\n\n\n<div class=\"wp-block-column feature-box is-layout-flow wp-block-column-is-layout-flow\">\n<figure class=\"wp-block-image aligncenter size-full\"><img decoding=\"async\" src=\"https:\/\/rsolutions.pl\/wp-content\/uploads\/2026\/03\/wdr.svg\" alt=\"\" class=\"wp-image-449\"\/><\/figure>\n\n\n\n<hr class=\"wp-block-separator has-alpha-channel-opacity\"\/>\n\n\n\n<h5 class=\"wp-block-heading has-text-align-center\"><span style=\"color:#00C2FF;\">Wdro\u017cenia przemys\u0142owe<\/span><\/h5>\n\n\n\n<p class=\"has-text-align-center\">Projektujemy z my\u015bl\u0105 o praktycznym zastosowaniu, dlatego uwzgl\u0119dniamy realia produkcji, monta\u017cu i eksploatacji ju\u017c na etapie prac projektowych. Naszym celem jest tworzenie rozwi\u0105za\u0144, kt\u00f3re mo\u017cna skutecznie wykorzysta\u0107 w warunkach przemys\u0142owych.<br><\/p>\n<\/div>\n<\/div>\n<\/div>\n<\/div>\n\n\n\n<div class=\"wp-block-columns is-layout-flex wp-container-core-columns-is-layout-28f84493 wp-block-columns-is-layout-flex\">\n<div class=\"wp-block-column feature-box is-layout-flow wp-block-column-is-layout-flow\">\n<figure class=\"wp-block-image aligncenter size-full is-resized\"><img decoding=\"async\" src=\"https:\/\/rsolutions.pl\/wp-content\/uploads\/2026\/03\/szkolenia.svg\" alt=\"\" class=\"wp-image-488\" style=\"object-fit:cover;width:60px;height:60px\"\/><\/figure>\n\n\n\n<hr class=\"wp-block-separator has-alpha-channel-opacity\"\/>\n\n\n\n<h5 class=\"wp-block-heading has-text-align-center\"><span style=\"color:#00C2FF;\">Wdro\u017cenia i szkolenia z oprogramowania in\u017cynierskiego<\/span><\/h5>\n\n\n\n<p class=\"has-text-align-center\">Wspieramy firmy we wdra\u017caniu narz\u0119dzi in\u017cynierskich oraz szkoleniu zespo\u0142\u00f3w technicznych w praktycznym wykorzystaniu oprogramowania w codziennej pracy projektowej i technologicznej.<\/p>\n<\/div>\n<\/div>\n<\/div>\n<\/div>\n\n\n\n<div style=\"height:101px\" aria-hidden=\"true\" class=\"wp-block-spacer\"><\/div>\n\n\n\n<p><\/p>\n\n\n\n<p><\/p>\n","protected":false},"excerpt":{"rendered":"<p>Wspieramy firmy przemys\u0142owe w projektowaniu, analizie, rozwoju i wdra\u017caniu rozwi\u0105za\u0144 in\u017cynierskich. Realizujemy projekty od koncepcji, przez optymalizacj\u0119 i przygotowanie dokumentacji, a\u017c po rozwi\u0105zania gotowe do zastosowania w praktyce. Jak pracujemy Ka\u017cdy projekt rozpoczynamy od analizy potrzeb, za\u0142o\u017ce\u0144 technicznych i warunk\u00f3w pracy. Nast\u0119pnie opracowujemy koncepcj\u0119, przygotowujemy rozwi\u0105zanie projektowe, weryfikujemy je oraz wspieramy klienta na etapie wdro\u017cenia. [&hellip;]<\/p>\n","protected":false},"author":2,"featured_media":0,"parent":0,"menu_order":0,"comment_status":"closed","ping_status":"closed","template":"","meta":{"footnotes":""},"class_list":["post-9","page","type-page","status-publish","hentry"],"blocksy_meta":[],"_links":{"self":[{"href":"https:\/\/rsolutions.pl\/index.php\/wp-json\/wp\/v2\/pages\/9","targetHints":{"allow":["GET"]}}],"collection":[{"href":"https:\/\/rsolutions.pl\/index.php\/wp-json\/wp\/v2\/pages"}],"about":[{"href":"https:\/\/rsolutions.pl\/index.php\/wp-json\/wp\/v2\/types\/page"}],"author":[{"embeddable":true,"href":"https:\/\/rsolutions.pl\/index.php\/wp-json\/wp\/v2\/users\/2"}],"replies":[{"embeddable":true,"href":"https:\/\/rsolutions.pl\/index.php\/wp-json\/wp\/v2\/comments?post=9"}],"version-history":[{"count":18,"href":"https:\/\/rsolutions.pl\/index.php\/wp-json\/wp\/v2\/pages\/9\/revisions"}],"predecessor-version":[{"id":650,"href":"https:\/\/rsolutions.pl\/index.php\/wp-json\/wp\/v2\/pages\/9\/revisions\/650"}],"wp:attachment":[{"href":"https:\/\/rsolutions.pl\/index.php\/wp-json\/wp\/v2\/media?parent=9"}],"curies":[{"name":"wp","href":"https:\/\/api.w.org\/{rel}","templated":true}]}}